base 9.
102553
7d93a2 (base 14) to base 8
20272102
What is -12a51a7 (base 11) in base 3?
-11020011020222
What is 9697a (base 13) in base 4?
1002113231
What is 88264 (base 11) in base 2?
11111010001011000
Convert 20444c (base 13) to base 2.
10110111100111110010
cd6a0b (base 15) to base 8
45267160
What is 2463371 (base 11) in base 7?
51242662
Convert 39826 (base 13) to base 10.
106840
178351 (base 10) to base 14
48dd5
Convert 100000111110001110000010 (base 2) to base 8.
40761602
What is -2d7a78 (base 15) in base 2?
-1000011001110011101111
1103400001 (base 5) to base 8
11125466
Convert -130544121 (base 6) to base 16.
-272131
What is 14022655 (base 7) in base 8?
4752771
Convert 37177 (base 10) to base 16.
9139
Convert -513437 (base 10) to base 11.
-320831
221131332 (base 5) to base 2
11101001111110000110
23103332 (base 4) to base 15
dade
What is 11c104 (base 13) in base 12?
186907
-100001120212001 (base 3) to base 4
-102113112001
What is -6ba43 (base 14) in base 12?
-108037
What is -335315 (base 11) in base 6?
-15240422
What is 12206e9 (base 15) in base 12?
4436256
-20220122211 (base 3) to base 6
-2525551
What is 23964 (base 16) in base 13?
51468
-66199 (base 13) to base 9
-311501
What is -141ca56 (base 13) in base 10?
-6368667
What is -1280a (base 16) in base 11?
-51a37
What is -7a7a59 (base 11) in base 12?
-51b31a
What is -10313514 (base 6) in base 13?
-a9012
-438c88 (base 16) to base 7
-52425244
Convert 187213 (base 9) to base 15.
24929
What is 25307785 (base 9) in base 13?
2754a67
-23202121112 (base 4) to base 12
-101a332
-160c87 (base 13) to base 11
-342351
-4975940 (base 10) to base 7
-60203054
-bbd23 (base 16) to base 10
-769315
What is 1132013201 (base 4) in base 5?
44314010
-507340 (base 8) to base 2
-101000111011100000
4768 (base 16) to base 10
18280
-18b2 (base 12) to base 11
-22a0
Convert 10000101011000000010 (base 2) to base 15.
abd06
Convert 551148 (base 9) to base 6.
11014412
What is -3220a7 (base 12) in base 13?
-219397
What is 434001411 (base 5) in base 12?
7581b2
-114020500 (base 6) to base 14
-3dd204
-13622177 (base 9) to base 15
-8d3d97
What is 110010101020 (base 3) in base 4?
322101003
Convert -122432114 (base 5) to base 9.
-1103128
5696a (base 12) to base 2
11100001011100010
What is 47714151 (base 8) in base 5?
10134143431
Convert -258521 (base 9) to base 7.
-1223122
Convert 810675 (base 11) to base 14.
25d249
671806 (base 9) to base 10
401604
Convert -12011110222 (base 3) to base 2.
-11000110100110001
b78b0 (base 15) to base 11
368684
What is -14704404 (base 8) in base 15?
-46aaac
-57535 (base 11) to base 16
-144dd
Convert -1000101010100000111010 (base 2) to base 10.
-2271290
What is -119705 (base 14) in base 13?
-1811ca
654d4a (base 15) to base 13
ccc75a
What is -21002112222201 (base 3) in base 6?
-212451244
4624475 (base 11) to base 5
4032301342
32101233 (base 4) to base 13
20805
What is 6243276 (base 8) in base 15?
22ac40
Convert 101221301 (base 4) to base 9.
120158
Convert 4130510 (base 6) to base 5.
22322344
-650355 (base 8) to base 10
-217325
-101258a (base 11) to base 7
-21132253
Convert -137747 (base 10) to base 14.
-382b1
86735 (base 10) to base 8
251317
What is 100011100100001011 (base 2) in base 16?
2390b
5892ba (base 12) to base 4
11130021232
Convert 19c84 (base 15) to base 8.
243560
654570 (base 12) to base 15
21a593
What is -cc6c (base 13) in base 12?
-14596
What is 22913 (base 13) in base 12?
305a5
-31351214 (base 8) to base 5
-3202014121
10231442 (base 6) to base 14
7b358
What is -347a2a2 (base 11) in base 6?
-334113102
Convert -2210221100121 (base 3) to base 4.
-11230322311
Convert -10494 (base 16) to base 10.
-66708
Convert -31a2688 (base 13) to base 8.
-71607702
Convert -3d0e (base 16) to base 15.
-4970
What is -10101101111111001110 (base 2) in base 5?
-140301104
130000230002 (base 4) to base 13
16a12a8
-26517 (base 10) to base 8
-63625
What is -36335 (base 9) in base 13?
-b0c9
a5bd8 (base 14) to base 15
7d8bb
Convert -318165 (base 10) to base 16.
-4dad5
136928 (base 14) to base 3
1021002220022
What is 452632 (base 7) in base 5?
10031421
Convert -177258 (base 9) to base 12.
-539b2
What is 165252c (base 14) in base 16?
a7293c
What is -458298 (base 10) in base 9?
-767600
What is 1001010100001011100 (base 2) in base 12?
128790
What is 17b3a2 (base 14) in base 8?
3144022
Convert -240aa2 (base 14) to base 9.
-2276157
4b8ecc (base 15) to base 10
3624717
Convert -213311322 (base 4) to base 16.
-27d7a
What is 2704247 (base 9) in base 10?
1479346
-110755 (base 12) to base 13
-96257
Convert -1000021201220 (base 3) to base 2.
-10000011000111111001
-113401616 (base 7) to base 12
-2420295
-3cc352 (base 13) to base 3
-2210101001021
Convert -204114452 (base 6) to base 16.
-364280
-423492 (base 10) to base 5
-102022432
What is -373014 (base 12) in base 11?
-5628a7
-127284 (base 10) to base 2
-11111000100110100
What is -b35cd (base 14) in base 10?
-431969
b226 (base 15) to base 12
19923
What is 1262948 (base 11) in base 8?
10254140
-2811880 (base 10) to base 14
-532a48
1022022200221 (base 3) to base 11
435394
Convert 3413003 (base 6) to base 16.
2a3db
What is -49644 (base 14) in base 16?
-2bd8c
Convert -323220022 (base 4) to base 11.
-157551
88127 (base 10) to base 3
11110212222
-5ba7 (base 16) to base 11
-166a0
What is -5300b3 (base 16) in base 12?
-19a3b57
55521010 (base 6) to base 16
198d9e
Convert -39dc2 (base 15) to base 9.
-312232
What is 8938160 (base 10) in base 2?
100010000110001010110000
Convert -11379c (base 15) to base 9.
-1482323
What is 36bbb (base 16) in base 8?
665673
1314cc (base 15) to base 13
260a5a
5ab336 (base 12) to base 8
5471032
11010110110111011 (base 2) to base 6
2205151
1331455 (base 7) to base 4
222323230
-55755a (base 12) to base 14
-275c6a
Convert -2020102200020 (base 3) to base 2.
-100100010011001110011
-11567030 (base 10) to base 3
-210202122222112
Convert 48a46 (base 16) to base 12.
124232
Convert -2a8a8 (base 15) to base 3.
-20221212112
Convert 57960 (base 14) to base 7.
1545250
What is 13351172 (base 8) in base 16?
2dd27a
274262 (base 10) to base 14
71d42
What is -36432a (base 12) in base 2?
-11010110011011010010
What is 85b4 (base 14) in base 5?
1214330
Convert f6bb39 (base 16) to base 13.
3471c28
Convert -111100100011000011 (base 2) to base 10.
-248003
What is 112110230 (base 4) in base 3?
11122102112
1002110210122 (base 3) to base 16
8da2b
41202584 (base 9) to base 6
1544005334
What is -448274 (base 10) in base 3?
-211202220202
Convert -c529 (base 15) to base 13.
-15c6c
Convert -10220221211 (base 3) to base 16.
-12dba
-3417a7 (base 13) to base 8
-4545430
What is -101111111010101001010111 (base 2) in base 13?
-27aa446
-13100101 (base 4) to base 6
-345321
What is -20c1a9 (base 14) in base 9?
-2070134
Convert 20343102 (base 5) to base 13.
5b928
-25131105 (base 6) to base 16
-c48d1
What is 11011011100111110 (base 2) in base 11?
77534
8e50c (base 15) to base 4
1232230023
What is -8dca7 (base 15) in base 5?
-103423412
-1354477 (base 8) to base 5
-44231140
13110012003 (base 4) to base 12
785683
What is -1000000011110 (base 3) in base 2?
-10000001110001101001
94ba10 (base 13) to base 15
48b96b
What is 250ea (base 15) in base 8?
347111
-16aca6 (base 16) to base 12
-5b7b46
-101200200010 (base 3) to base 14
-56997
What is 6d9283 (base 15) in base 8?
24004613
What is -420412020 (base 5) in base 12?
-6b6487
Convert -11011011101111001101 (base 2) to base 8.
-3335715
What is 140a1 (base 11) in base 6?
232540
What is 311331220 (base 4) in base 12?
a7ab4
Convert 1c3a5c (base 14) to base 16.
f65c2
What is 199383 (base 10) in base 9?
333446
-103422433 (base 5) to base 3
-211221111121
Convert -10110101001011100001 (base 2) to base 10.
-742113
Convert 12657c1 (base 13) to base 12.
1b153ba
-47b257 (base 12) to base 4
-10123022203
What is 101031130 (base 4) in base 8?
211534
Convert -221519 (base 12) to base 7.
-4414011
What is b4c340 (base 15) in base 9?
17152606
Convert 12022333032 (base 4) to base 14.
301862
What is 123022 (base 9) in base 6?
1332202
-24452253 (base 6) to base 8
-2774351
164a231 (base 12) to base 3
22121122221001
What is -74381 (base 10) in base 5?
-4340011
What is -212103303 (base 4) in base 2?
-100110010011110011
Convert 12564656 (base 7) to base 4.
10122331031
What is -218d56 (bas